 Is h composite?
False
Suppose -4*x + 6 = -2*r - 2, -3*x = -r - 8. Suppose 0 = 2*l - 0*l - 8. Suppose 3*j = r*j - l. Is j prime?
False
Suppose -f - 3*a = 2*a + 14, -2*a - 6 = 0. Is 1 - (-21)/1*f prime?
False
Suppose 135 = -2*j + 3*j. Suppose j = h - 5*p, -p - 4*p - 20 = 0. Is h prime?
False
Let w = -22623 + 14519. Is 2/7 - w/56 a prime number?
False
Let u be -1 + 4 - (-32)/(-2). Let f = -8 - u. Suppose 0 = -i - 2 - 3, t + f*i = 33. Is t composite?
True
Let s(l) = -l**3 + 3*l**2 - l + 3. Let d be s(3). Suppose -c + 15 - 58 = d. Let r = c + 80. Is r a composite number?
False
Let n(w) = -2*w**3 - 5*w**2 - 6*w + 10. Is n(-7) prime?
False
Suppose -3*p = 2*j - 430, -p - j = 2*p - 425. Suppose y + 21 = p. Is y a prime number?
False
Let s be (-3)/12 + (-5195)/20. Let u = 219 - s. Is u prime?
True
Suppose -5*c = a - 24, -3*a + 0*c = 2*c - 59. Let g = 0 - 4. Let h = g + a. Is h prime?
False
Let s(i) = -2*i + 6*i**2 - 3*i**2 - 2*i**2 + 6. Let x be s(4). Suppose -5*m + 51 = -2*b + x, 20 = 4*m - 4*b. Is m a prime number?
False
Is (-2)/18 - (-152174)/99 a composite number?
True
Suppose 0 = -m + 4*g - 20, 2*m + m + 3*g = 15. Suppose m = -5*n + 73 + 37. Is n prime?
False
Let d(z) = -z - 1. Let j be d(-6). Suppose 2*x + 3*x - 15 = 0. Suppose o + 152 = j*o - 3*r, 0 = -o - x*r + 38. Is o a prime number?
False
Suppose 13*w - 676 = 9*w. Is w prime?
False
Let f(l) = -2*l**3 + 3*l**2 - 2*l + 2. Let c be f(2). Let n(g) = 6*g**2 + 9*g + 1. Is n(c) prime?
True
Suppose 4*f + z - 318 = 3*z, -4*z = -3*f + 241. Is f a composite number?
False
Is 918 - (8/2)/(-4) a composite number?
False
Let u(y) = y - 3. Let k be u(5). Suppose -k*x + 58 = -x. Is x composite?
True
Suppose 5*i + 4*f + 426 = 9119, -5238 = -3*i + 5*f. Is i a prime number?
True
Let f = 531 + -280. Is f composite?
False
Suppose -2*y - 2*z - 2 = 0, -2*y = -y + 5*z + 13. Is 53*(4 + -1 - y) a prime number?
True
Is ((-1)/1 - 1)/(26/(-16367)) a composite number?
False
Let s(h) = h**3 - 7*h**2 + 5*h + 8. Let l be s(6). Suppose -l*i + 35 = 3*i. Is i a prime number?
True
Suppose 2*b = 6, 0 = j - 0*b - b + 1. Suppose -53 = j*l - 3*l. Is l prime?
True
Let c(j) = 40*j**2 + j + 2. Is c(3) composite?
True
Let y = -2 - -3. Let z be 2/(y*1/1). Suppose z*g - 65 = -3*g. Is g a prime number?
True
Let w be (-297)/(-4) + 4/(-16). Is (w/4)/((-1)/(-2)) composite?
False
Is -1702*(-1)/(-2)*(0 + -1) prime?
False
Suppose 0 = i - 3*o - 18, 3*i + 1 = -2*o. Let n(y) = 3*y**3 + y**2 - 1. Is n(i) composite?
False
Is (55/(-22))/(2/(-1636)) a composite number?
True
Let r = 179 + 38. Suppose -j = r - 28. Is 4 - 1 - (j - -1) prime?
True
Suppose 3*u = -2*x + 579, -3*x + 9 = -0. Is u a prime number?
True
Is (2019/18)/((-3)/(-18)) composite?
False
Suppose -4*z = -7 - 17. Let q(p) = p**2 - 5*p - 8. Let u be q(z). Is 2 + 2 + 75 + u composite?
True
Let k be ((-4)/3)/(-4)*3. Suppose -a + 4 + k = 0, -4*d = a - 13. Suppose j + 187 = 6*j + 3*g, -2*j + 62 = -d*g. Is j composite?
True
Is -753*(2 + 14/(-6)) prime?
True
Suppose b + 6017 = 2*q, -b - 1445 = -q + 1561. Is q prime?
True
Suppose 79 - 9 = 5*r. Let m(g) = -9*g - 26*g - r*g. Is m(-1) composite?
True
Let c = 2 + -5. Let l(d) = -2*d**3 - d**2 + d - 4. Let y be l(c). Suppose 4*m - 2*g = 354, -3*m = -g - 306 + y. Is m prime?
False
Is (-1)/(0 + (-4)/356) a composite number?
False
Suppose 2 = -s + 7. Suppose -d = -0*d - 2*t + 166, -172 = d - s*t. Let q = 247 + d. Is q composite?
True
Let t(g) = g - 3. Let v be t(3). Suppose v = 5*j - 367 - 88. Is j composite?
True
Let u(z) = -2*z**2 + 5*z - 2. Let i be u(3). Is 4/10 - 53/i a prime number?
True
Let p(v) = -4*v**3 + v**2 - 3*v - 4. Let j be p(-4). Suppose 4*s - 3*s - j = 0. Let z = 471 - s. Is z prime?
True
Let v(b) = -3*b**2 + 8*b**2 + 0*b**3 - 8*b + b**3 - 1. Let t = 9 + -15. Is v(t) a composite number?
False
Let s(x) = -x**2 + 9*x - 12. Let c be s(8). Let n = 4 + c. Let v = 33 + n. Is v prime?
False
Let c(b) = b + 9. Is c(-2) composite?
False
Let t be 8/(-20) - 4/(-10). Suppose -5445 = -3*c - t*c. Is 6/(-21) + c/7 prime?
False
Let g = 10079 - 5712. Is g a prime number?
False
Is -3 - (3 + (-278)/2) a composite number?
True
Let x(o) = 85*o**2 - 2*o - 1. Is x(1) prime?
False
Let l(n) = n**2 + 11*n + 1. Let t be l(-5). Let q = 40 + t. Is q prime?
True
Suppose -4*k = -11 + 3. Let d = -3 + k. Is (0 - d) + (-34)/(-1) a composite number?
True
Let x = -6 - -8. Suppose 0 = 3*u + j - 42, 6*u - x*j = 2*u + 46. Is u a composite number?
False
Suppose -u = 2*n - 201, -2*u + 3*n = 2*u - 749. Is u prime?
True
Let r be -3 + 1 + 4*10. Suppose 3*h + r = 182. Let g = h + -29. Is g a prime number?
True
Suppose -577 = -2*u + 681. Is u a prime number?
False
Suppose -2*o = -m + 3, 2*m + 3*o = 1 + 12. Suppose 2 = 2*g - 0, -m*y + 5*g = -1610. Is y prime?
False
Let q(j) = j**2 - 6*j - 3. Let y be q(7). Let t(z) = 5*z + 2 + 0*z**2 - 1 + 2*z**2. Is t(y) prime?
True
Suppose -62 = 3*n + 3*o - 272, 4*n - 4*o = 272. Suppose 0*a = 2*a + 2*b + 120, 4*b = -a - n. Let p = a + 124. Is p a prime number?
True
Let c(j) = 6*j**3 - j + 1. Let d be c(1). Suppose 0 = h - 0*h - d. Let v(n) = -n**3 + 8*n**2 + 2*n + 1. Is v(h) prime?
False
Let n(q) = -133*q**3 - 5*q**2 + 2*q + 7. Let y(b) = -398*b**3 - 14*b**2 + 6*b + 20. Let m(j) = -17*n(j) + 6*y(j). Is m(-1) composite?
False
Suppose f - 2*f = 4*y + 11, 0 = -3*f + y - 46. Is 6/f - 774/(-10) prime?
False
Is (-1 - -224)*(1 + 0) composite?
False
Let d be (0 - -1)*(-8 - -5). Let n(y) = -y + 7*y**2 - 2 - 5*y + 3*y - 4*y**2. Is n(d) a prime number?
False
Is (-4)/(-8)*-79*-2 prime?
True
Let m(t) = 15*t**3 + 5*t**2 - t - 2. Is m(3) a prime number?
False
Let u = 725 - 385. Suppose -3*p + 5*t + 34 = -0*t, -4*t = 5*p + 5. Is u/6 - (-1)/p composite?
True
Suppose -14*n + 411 = -13*n. Is n prime?
False
Let i(t) = 2*t**2 - 19*t - 5. Let b(a) = -7*a**2 + 10*a + 2. Let x(z) = -z**2. Let p(v) = b(v) - 6*x(v). Let q(c) = -3*i(c) - 5*p(c). Is q(6) a prime number?
True
Let g(v) = -v**3 + 7*v**2 + 3*v - 6. Suppose -3*u - 5*z + 30 = 0, 3*u = -2*z - 13 + 34. Is g(u) prime?
True
Suppose 199 = 3*r - 374. Is r composite?
False
Suppose 0 = 4*g - 4*t - 260, -5*g + 357 = 3*t - 0*t. Is g composite?
True
Suppose -3*w + 4*h + 10 = 2, -2*w = -4*h. Let c(s) = 6*s + 7. Is c(w) a composite number?
True
Suppose 0*b + 2*b - 10 = 0. Suppose -b*x + 0*x = -345. Is x prime?
False
Let c(v) = -263*v + 5. Is c(-4) a prime number?
False
Suppose 187 - 1916 = -7*l. Is l a prime number?
False
Is 24/(-84) + (-34346)/(-14) a composite number?
True
Suppose -3*d - 5*h = -762, -139 - 364 = -2*d - 5*h. Is d composite?
True
Suppose 0 = -2*z - 2*z + 144. Let t be (-1)/4 + 9945/z. Suppose 4*l - t = 104. Is l composite?
True
Let x be 6/21 - (-15)/21. Is -3 - (x - 2) - -81 a prime number?
True
Suppose 3*c + 58 = 2*l - 92, 3*l - 3*c = 228. Suppose z = 3*z - l. Is z prime?
False
Let b = 0 - 1. Is -2 + (1 - b) - -13 a composite number?
False
Let d = -2 - -16. Is (d/4)/(4/776) composite?
True
Suppose -5*a - 2*q + 5026 = 0, 5*q = 3*a + 4*q - 3009. Suppose -6*o + a = -2*o. Is o a composite number?
False
Let q(f) = 256*f + 35. Is q(5) composite?
True
Let f be (-2)/9 - 325/(-45). Let v = f - -11. Let m = 41 - v. Is m prime?
True
Let n be (-15)/(-10)*4/(-3). Is (26/(-4))/(n/4) composite?
False
Let f be 4 + -3 + 0 + 1. Let s(c) = c**3 + 3*c**2 + 2*c. Let k be s(-2). Suppose f*h - 79 + 9 = k. Is h a composite number?
True
Suppose 4*f = 3*f + k + 112, 2*f + 3*k = 244. Let a = 42 - f. Is (a/3)/(6/(-9)) a prime number?
True
Let q(y) = -y**2 + 2*y + 1. Let t be q(-3). Is -326*(t/(-4))/(-7) a composite number?
False
Suppose -l + 2*l = 4. Suppose -l*i + 129 = -i. Is i a composite number?
False
Let i(y) = -y**3 + 7*y**2 + y - 7. Let j be i(7). Suppose -a - 5*a + 1668 = j. Is a a composite number?
True
Let p(k) = -k**2 + 7*k + 8. Let j(m) be the first derivative of -m**3/3 - 5*m**2 - 10*m + 3. Let q be j(-8). Is p(q) a composite number?
True
Let f(s) = s**3 + 6*s**2 - 5*s - 5. Is f(6) prime?
True
Suppose -790 = 5*a - 0*x + 2*x, -5*a - 790 = -4*x. Let y = -88 - a. Suppose 0 = -0*r + 2*r - y. Is r composite?
True
Suppose -2*n - 2 = 8. Let c(l) = -48*l**2 + 6*l + 2. Let h be c(n). Is h/(-16) + (-1)/(-4) prime?
False
Let w(j) = 3*j - 12. Let n be w(12). Suppose 0*k - 40 = -5*t + k, 3*t + 4*k = n. Let a(f) = 8*f - 11. Is a(t) compo